 + 4*j - 685. Let q = j + -143. Calculate the remainder when 82 is divided by (q/(-15))/((-4)/(-6)).
26
Let s(p) = 2*p**2 + 10*p - 34. Let h = -21 + 61. What is the remainder when h is divided by s(-8)?
12
What is the remainder when (24/15)/(22/165) is divided by 3?
0
Suppose 0 = -5*c + 7661 - 1866. What is the remainder when c is divided by 116?
115
What is the remainder when 1612 is divided by 3/6 + (-945)/(-10)?
92
Let s = -77 + 41. Let v = -6 - s. Let n(l) = 11*l**2 + 5*l + 4. What is the remainder when n(-3) is divided by v?
28
Suppose 0 = -7*i + 1670 + 549. Suppose -4 = 6*x - 124. Calculate the remainder when i is divided by x.
17
Let k(u) = u**2 - 4*u - 6. Let f(n) = -1. Let c(s) = -5*f(s) + k(s). Let l be c(5). Suppose -34 = -l*z + 98. Calculate the remainder when z is divided by 12.
9
Suppose -4*m - b + 52 = 0, -3*m + 2*b + 64 = m. Let t(g) = g**3 - 13*g**2 - 14*g + 2. What is the remainder when t(m) is divided by 2?
0
Suppose 9*q - 4*q = 90. Suppose -2*g + 64 - q = 0. Suppose 4*b - g = 13. Calculate the remainder when 15 is divided by b.
6
What is the remainder when 173 is divided by 6/22 + (-441)/(-77)?
5
Suppose 4*u = 2*z + 38, -5*z - 39 = -4*u - 2*z. Let x be 81/(-3) + -10 + u. Let y = x + 46. What is the remainder when 48 is divided by y?
12
What is the remainder when 103 is divided by (-2)/(-5) + 5/25*173?
33
Suppose 1 = -m - 4. Let g = m - -42. What is the remainder when g is divided by 11?
4
Let j(r) = -21*r + 362. Calculate the remainder when j(11) is divided by 57.
17
Let g(d) = 2*d**2 - 7*d + 43. What is the remainder when g(10) is divided by 45?
38
Let v = 707 + -691. What is the remainder when 349 is divided by v?
13
Let r = -41 - -64. Calculate the remainder when r is divided by 8 + (-1 + -4 - -9).
11
Suppose 29*h = -280 + 2629. Let x = 56 - 28. Calculate the remainder when h is divided by x.
25
Suppose 14 = -f + 3*f - 3*h, 2*f - 46 = -5*h. Let s(w) = -8*w + 6 - 4 + 4. What is the remainder when s(-4) is divided by f?
12
Let v be (-132)/(-30) + 4/(-10). Suppose 0*s - s + 19 = 5*f, v*s + 12 = 2*f. Suppose k - 30 = -f*k. What is the remainder when 17 is divided by k?
5
Calculate the remainder when (6 + -9)/((-2)/42) is divided by 33.
30
Let n(a) = 2*a**2 + 6*a - 8. Let y be n(-7). Suppose 45*f - y*f + 234 = 0. What is the remainder when f is divided by 20?
18
Let j = 58 + -54. Suppose j*c + 45 = 9*c. Calculate the remainder when 71 is divided by c.
8
What is the remainder when 2 - 50*3/(-6) is divided by 14?
13
Suppose -13*m + 9*m = 112. Let s = m - -38. Calculate the remainder when 18 is divided by s.
8
What is the remainder when 146 is divided by -1 + 11/((-11)/(-21))?
6
Let t = -83 - -86. Calculate the remainder when ((-10)/4)/(3/(-6)) is divided by t.
2
Suppose 3*u = -3*y + 21, 2*u + 4 = 4*y - 6. Calculate the remainder when 15/21*(-7)/(-1) is divided by y.
1
Let s(l) = 5*l**2 + 4*l - 5. Let o be (-50)/(-5) + (-2)/(-2). Let h = -4 + o. Calculate the remainder when h is divided by s(1).
3
Suppose 50*v - 719 = 31. What is the remainder when v is divided by 4/6 - (-62)/6?
4
Suppose 24*g = 46*g - 990. Let d = 5 - -1. Calculate the remainder when g is divided by d.
3
Let n = 141 - 81. Calculate the remainder when 239 is divided by n.
59
Let m = 14 - 14. Suppose 2*g = 36 - m. What is the remainder when 71 is divided by g?
17
Let h = 161 + -87. Let c = h - 48. Calculate the remainder when 129 is divided by c.
25
Suppose 3*w - 18 = -0*w. Suppose 0 = -w*z + 10*z. Suppose -4*u = 4*a - 5 - 123, 4*a - 5*u - 92 = z. Calculate the remainder when a is divided by 8.
4
Suppose 3*f = -f - 3*z - 11, -5 = 5*z. What is the remainder when (f + 5)/((-18)/(-60)) is divided by 3?
1
Let t = 190 - 112. Calculate the remainder when t is divided by 39.
0
Let c(z) = z**3 - 9*z**2 + 13*z + 9. Let n be c(7). Suppose 6*o = n*o + 100. Calculate the remainder when 99 is divided by o.
24
Suppose 2*o + 12 = -o. Let l(m) = m**3 - 26*m**2 + 2*m - 64. Let r be l(26). Calculate the remainder when (-1 - -39) + r/o is divided by 11.
8
Let s = -9 - -30. Suppose 80*i + 225 = 85*i - 4*d, 4*d - 167 = -3*i. What is the remainder when i is divided by s?
7
Suppose 19 = 5*a + 3*h + 7, a = -3*h. Suppose 0*b - a*b = -39. Let c = 7 - -18. Calculate the remainder when c is divided by b.
12
Suppose o = 2*o - 10. Suppose 2*n + 0 + 8 = 0, 3*u - 52 = n. Let h = u - o. Calculate the remainder when 21 is divided by h.
3
Let y(x) = -2*x**2 + 101*x - 738. What is the remainder when 119 is divided by y(40)?
17
Let w be 0 + (0 - 1)*-2. Suppose 0 = -2*t + 4*h + 30, -2*t = 6*h - w*h - 70. Calculate the remainder when t is divided by 6*(-42)/(-54)*(-9)/(-6).
4
Suppose 0*o - 5 = -o. Suppose 20 = -o*v + 95. Calculate the remainder when (-237)/(-4) - (-61)/(-244) is divided by v.
14
Let g = 317 + -305. Calculate the remainder when 25 is divided by g.
1
Suppose 0 = -3*v - 5*f + 11 + 16, 33 = 3*v + 3*f. Let r = -13 + -1. What is the remainder when (-885)/(-35) - (-4)/r is divided by v?
11
What is the remainder when 88 is divided by 7 + 18/2 - 7?
7
Let b be (2/(-4))/(3/264). Let y(n) = n**2 + 10*n + 15. Calculate the remainder when 3*(2 + b/(-3)) is divided by y(-11).
24
Suppose -4*a - 103 = -3*b - 246, -3*b - 15 = 0. What is the remainder when 106 is divided by a?
10
Suppose a + j + 61 = 6*a, -j = -a + 9. Calculate the remainder when 40 is divided by a.
1
Suppose 0*z - z = -2, 3*r = 2*z - 229. Let j be (-8)/3*r/(-5). Let w = -9 - j. Calculate the remainder when w is divided by 17.
14
Let w = -94 - -98. Suppose -2*i - 106 + 8 = 0. Let f = -30 - i. Calculate the remainder when f is divided by w.
3
Let v(k) = 11*k - 593. Let o = -4 - -6. What is the remainder when o is divided by v(54)?
0
Let u be (-2)/14 + (-281)/(-7). Let r = u + -19. Calculate the remainder when 41 is divided by r.
20
Let x = 152 - 83. Let f = 16 - 3. Suppose -3*k = -67 + f. Calculate the remainder when x is divided by k.
15
Let q = -330 - -385. Calculate the remainder when 108 is divided by q.
53
Let k = 34 - 20. Suppose j + 0 - k = 0. What is the remainder when 53 is divided by j?
11
Let k = 427 - 303. Calculate the remainder when k is divided by 9.
7
Calculate the remainder when 36 is divided by 24/((-1 - 6/(-24))/(-1)).
4
Suppose -87 - 3 = -5*s. What is the remainder when (-4 + (-498)/s)*-3 is divided by 33?
29
Let j = 54 - 47. Suppose -70 = 5*d - j*d. Calculate the remainder when d is divided by 21.
14
Let a = 18 + -24. What is the remainder when 4014/90 + a/10 is divided by 23?
21
Suppose 0 = -5*l - 4*l + 1197. Let i = 139 - l. Calculate the remainder when 58 is divided by i.
4
Suppose 6*p = 2*p - 5*m + 55, 5*m = -p + 25. Suppose -5*u + w + 11 = -12, -u = 4*w + 8. What is the remainder when p is divided by u?
2
Let h(i) = i**2 - 12*i + 54. Calculate the remainder when 63 is divided by h(10).
29
Suppose 3*s + 37 = 4*t + t, 4*s + 6 = -2*t. Suppose -t*n - w = -0*w - 92, -3*w = -6. Let g = n - 5. Calculate the remainder when 37 is divided by g.
11
Suppose -t = -0*t - 31. Suppose -q + 2*v + t = -v, 4*q - 94 = 2*v. Suppose 2*d = 2*l + 8 + 12, 14 = 5*d + 4*l. What is the remainder when q is divided by d?
4
Suppose -2735 = -25*f - 610. Suppose -2*x = -x + 5*g - 54, 3*x - 92 = -g. Calculate the remainder when f is divided by x.
27
Let y(q) = q**2 + q - 3. Let a be y(-3). Suppose -2*u = 4*s - 153 - 5, 91 = 3*s - 4*u. Calculate the remainder when s is divided by a/(-15) - (-909)/45.
17
Let n(u) = -u + 6. Let c be n(8). Calculate the remainder when 35 is divided by (3 + 8)*1 + c.
8
Suppose -7 = -4*n + 41. Let u = -23 + 26. Calculate the remainder when (5 - u)/(-2) - -23 is divided by n.
10
Let h(o) = o**3 - 4*o**2 + o - 7. Suppose g - 8*g = -35. Calculate the remainder when h(g) is divided by 6.
5
Suppose 5*b + 135 = 2*a, 0 = -2*a + b + 96 + 19. What is the remainder when 217 is divided by a?
52
Suppose 2*b + 22 = -8. Calculate the remainder when 49 is divided by (10/b)/(2/(-51)).
15
Suppose 6*l + 4*y = 3*l + 10, -y + 1 = 0. Suppose l*u = -6, 3*z - 3*u - 2*u - 39 = 0. What is the remainder when (24/3 + 4)*(-36)/(-16) is divided by z?
3
What is the remainder when 50*8/(-24)*-12 is divided by 77?
46
Suppose -r = 3*q - 560, -2*r - 3*q = -844 - 285. Calculate the remainder when r is divided by 185.
14
Suppose 0 = -5*k + 7 - 32. 